22. Let p(v) = y + 3*v**3 - 4*v**3 + 4*v**2 + 2*v**3 - 5*v. Is p(-5) prime?
True
Let d = -60258 - -109939. Is d composite?
False
Let s = 38 + -14. Is (-16)/s + (-1 - (-3784)/6) a composite number?
True
Is 86/(-258) - (-3)/(9/44050) a composite number?
False
Suppose -8*b = -12*b - 112. Let w be b/6*(-12)/14. Suppose w*x = 109 + 39. Is x a prime number?
True
Is (174771/(-9))/((-36)/10 - -3) composite?
True
Is (-1825876)/(-40) + 9/90 a composite number?
True
Let q(d) = -d - 28. Let t be q(-16). Is (1/(-5) + t/(-10))*745 prime?
False
Let r = -38 - -210. Let n = -399 + 698. Let a = n - r. Is a a prime number?
True
Suppose -5*r + 711 = -1214. Suppose 6*l - l + r = 0. Is (3 - 1) + l/(-1) composite?
False
Let a(p) = 7*p**2 - 4*p - 17. Is a(6) a composite number?
False
Suppose -633 = -2*x + x. Suppose 2*k - 1858 = -2*d, -3*k - 2*d + 2154 = -x. Is k composite?
False
Suppose -2*a - 223 = 65. Let t = 83 + a. Let o = t - -98. Is o composite?
False
Suppose -2*f = 2, -5*d + f - 14 = -0. Is (-34)/(-51) + (-17185)/d a composite number?
True
Suppose 150676 = 8*f + 12620. Is f composite?
False
Let k = -1926 - -307. Let h = k - -2876. Is h prime?
False
Suppose -i = 2*i. Suppose i = v + 3*z - 14, -4*z = -3*v + 5*v - 20. Suppose -295 = -5*f + v*t, -5*t + 4 = 3*f - 142. Is f prime?
False
Let i(u) = -u**2 + 8*u - 6. Let y = 3 + 5. Let a be i(y). Is (236/(-6))/(4/a) prime?
True
Suppose -5*l - 3*v - 20 = 2*v, 4*v + 8 = -2*l. Is 1520 - (l/4 - 2) a prime number?
True
Let o = 35967 + -15076. Is o a composite number?
True
Let d be 1/5 + (-244)/20. Let j = 14 + d. Suppose -2*g = j*g - 4396. Is g composite?
True
Let j be (-6)/9 + 8/3 - 0. Suppose -o + 4599 = 4*f, j*f - 751 = 5*o + 1532. Is f prime?
False
Suppose 0 = 15*r - 8*r - 469. Is ((-94)/(-18) + (-12)/54)*r a prime number?
False
Is -6 + -7 + 42*47 a composite number?
True
Let d(g) = -g**3 + 4*g**2 + 3*g - 4. Let q be d(4). Let x(t) be the second derivative of 29*t**3/3 + 3*t**2/2 + 3*t. Is x(q) prime?
True
Let w(j) = -2*j**3 - 6*j**2 + 2*j - 7. Let a be w(-5). Let s be 2/5*(-10)/(-2). Suppose s*v = 349 - a. Is v prime?
False
Let v = -3 - -6. Suppose -3*z + 2*i + 5 = 0, -5 - v = 2*i. Let k(c) = 292*c**2 - c. Is k(z) prime?
True
Suppose -5*x + 4*t + 3015 = 0, x - 3*t + 5*t - 617 = 0. Suppose -n + x = 118. Is n prime?
False
Is ((-39)/52)/(6/(-23704)) a composite number?
False
Suppose -52 = 4*h - 5*p + 4*p, -2*h + 2*p = 26. Let t = 16 + h. Suppose x - 559 = -5*g, -t*x + 123 = 2*g - g. Is g prime?
False
Suppose -3*z = 4*w - 17, 4*z - 8*z + 2 = -5*w. Suppose -w*g + 33 = 2*t + 3*g, -2*t + 4*g = 12. Let m(k) = 2*k**3 - 7*k**2 + 4*k + 5. Is m(t) a prime number?
True
Suppose -2 = -n - 3*p, -8*p = -4*p. Let h be (4 + -1 - n) + 78. Let g = 156 - h. Is g composite?
True
Let h be 2/9 + 9352/36. Let w be ((-13)/3)/((-1)/27). Let q = h - w. Is q prime?
False
Suppose -3293 = -v + 1124. Suppose -8*z = -z - v. Is z composite?
False
Let s be 6 + (-8)/4 + 0. Suppose 4*z + 1825 + 2276 = 5*v, -3*v + 2467 = s*z. Is v a composite number?
False
Let r(t) = -t**3 + 5*t**2 + t - 3. Let k be r(5). Suppose u + k*u - 399 = 0. Suppose 5*m - 6*m = -u. Is m prime?
False
Let p be (-8)/(-24)*(0 + 9). Suppose 0 = p*q - 381 + 54. Is q prime?
True
Let n = 1703 + -433. Let b = 3263 - n. Is b prime?
True
Let l = 1922 - -632. Is l a prime number?
False
Let o be ((-63)/35 - (-2)/(-10)) + 7. Is ((-7364)/16)/(o/(-20)) a prime number?
False
Let m(o) = 59*o**2 - 16*o - 52. Is m(-7) composite?
True
Let t(m) be the third derivative of -m**7/144 - m**6/720 + m**5/15 - 5*m**2. Let g(s) be the third derivative of t(s). Is g(-1) a prime number?
False
Is 9/6*(1970096/24)/17 prime?
True
Let k(h) = -h**2 - 11*h + 2. Let w be k(-11). Suppose -w*f = 6, -a = 2*a + 4*f - 255. Is a a composite number?
False
Let v be -6*(-3 + 40/15). Suppose -c + 21 = v*c. Suppose 2*z = c*z - 745. Is z composite?
False
Let b(v) = -696*v - 15. Let d be b(-11). Suppose d = 5*u + 1546. Is u a composite number?
True
Is (20/(-25))/2 + 21137/5 composite?
True
Let r(i) be the third derivative of 7*i**6/120 + i**5/6 - i**4/6 - i**3/3 + 25*i**2. Is r(3) a composite number?
True
Let m(v) = 584*v**2 + v + 1. Let u = -60 - -61. Is m(u) prime?
False
Let q(p) = p**3 - 5*p**2 + 5*p + 1. Let d be q(4). Let f be 3 - (4 + 0) - -1435. Suppose f = d*x + w, -4*x - 5*w = -5*x + 292. Is x composite?
True
Let s = -2 + 4. Suppose 5*l = s*k + 16, 2*k - 8 = -2*k. Suppose l*r + 418 = 2*x, -5*x - 2*r - 3*r = -1015. Is x a prime number?
False
Let w be ((-28)/8)/7*-38. Let c = w - 14. Suppose -c*k + 2679 = -4006. Is k composite?
True
Let g(a) = -a**2 + 9*a - 10. Let t be g(7). Suppose t*y = 5*b - 1269, -4*y = b - 0*y - 249. Is b a prime number?
False
Suppose 105322 = f - 3*k, -3*f + 0*k - 3*k = -315954. Is f prime?
True
Let l = -3 + 5. Let b be 48/32 - ((-2013)/2 + -2). Suppose 0*n + b = 4*n - 2*c, l*c - 245 = -n. Is n composite?
False
Let o(c) = 411*c**3 - c**2 - c + 5. Let w be o(-2). Let k(n) = -n**3 + 3*n**2 - 2. Let q be k(2). Is q/(-8) + w/(-4) prime?
True
Suppose -2*u = u + 3*l + 3, 0 = 2*u - 2*l + 14. Is u + (-7)/(-1) - -484 prime?
True
Suppose 14*n - 151646 = -8*n. Is n a composite number?
True
Let d(b) = b**3 - b**2 + b + 46. Let j be d(0). Suppose -3*q - q + p + j = 0, -6 = -3*p. Is (q/8)/((-6)/(-56)) prime?
False
Let b = 1010 + 2943. Is b prime?
False
Suppose -3*l - 4*j = -0*j - 17, -j = 5*l - 34. Let s = l + -5. Is 587/s - 1/2 composite?
False
Is 122274/26 - 76/(-494) composite?
False
Let u(x) = 937*x + 339. Is u(11) composite?
True
Let l(p) = 2*p**3 - 27*p**2 - 18*p - 3. Let j(v) = -3*v**3 + 41*v**2 + 27*v + 4. Suppose -16 - 19 = -5*s. Let h(t) = s*l(t) + 5*j(t). Is h(14) a prime number?
False
Let g(t) = 111*t**3 + 4*t**2 + 3*t + 2. Suppose i - 2 - 7 = 2*q, 2*i = -3*q + 4. Let z be g(q). Is 3/3 - z/3 composite?
False
Let q(z) = 4*z + 6 + 3*z**2 - 2*z**2 - 10. Let l be q(-10). Let m = -33 + l. Is m prime?
True
Let q be 12/8*2172/(-9). Let g = -48 - q. Is g a composite number?
True
Is 8 + 10 + (5605 - 0) a prime number?
True
Let o(c) = 11*c**2 + c - 9. Is o(3) a prime number?
False
Let i = -3733 + 11354. Is i a prime number?
True
Let y = 12 + -18. Let o be 2/4 + y/4. Is o*(-3 + 32*-1) a composite number?
True
Let n = 1788 - 1201. Is n prime?
True
Let n(a) = -a**2 + 20*a - 31. Let y be n(18). Suppose -6999 = -y*h - x - 0*x, 5*x + 6975 = 5*h. Is h a composite number?
False
Suppose -3*r = -4 - 2. Suppose r*q + 3*q = 25. Suppose q*j + 3 = -2, 4*v + 3*j = 121. Is v prime?
True
Suppose 4*v - 5*v = -3. Suppose -v*u - 39 - 441 = 0. Let w = 51 - u. Is w prime?
True
Let f(c) = 2*c**2 - c - 7. Suppose o - 4*o = 9. Let i be f(o). Suppose z - 77 = i. Is z prime?
False
Let w = -2 + -2. Let f be (9/18)/(2/w). Is f*1/(-1) + 70 a composite number?
False
Let a = -1833 + 33302. Is a a prime number?
True
Suppose -l + 279170 = 9*l. Is l composite?
False
Suppose 5*l + 73439 - 264934 = 0. Is l prime?
True
Let i = 27 + -25. Suppose 0 = 4*r + 3*m - 1499, -3*m - 1098 = -r - i*r. Is r composite?
True
Is 92216/14 - 30/(-210) a composite number?
True
Suppose 0*u - 5*u + 634 = -4*l, 3*u + 2*l = 398. Let k(p) = 3*p**3 + 2*p + 3. Let s be k(-3). Let v = u + s. Is v prime?
False
Let d = 4385 - -3066. Is d a composite number?
False
Let u be 0 + (-117)/2 + 60/(-40). Is 957*(u/(-18) - 3) composite?
True
Let g(d) = -d. Let r(h) = -27*h + 61. Let j(s) = -6*g(s) - r(s). Is j(16) composite?
False
Let i(o) = 3*o**2 + 2*o + 1. Let n be i(-1). Suppose 3*d - 5*m + 59 = 0, -6*m = -n*d - m - 41. Is 139/(-2)*(d + 8) prime?
False
Suppose -5*u = -2 - 8, -i - 3*u = -5005. Is i composite?
False
Let r(b) = 11968*b + 23. Is r(5) prime?
True
Let g be 1 + 2 + 0 + 0. Suppose -g*j = -6*j + 354. Is j composite?
True
Is 2 - ((-2 - 281 - -2) + -4) composite?
True
Suppose -3*j + 97 = -2*b - 126, -4*b + 5*j - 449 = 0. Let n = -288 - b. Let q = 281 + n. Is q composite?
False
Suppose -19 + 73 = 3*z - 5*c, 3*c = -5*z + 56. Suppose -g - 1 = -4*p - z, -3 = -4*g + p. Suppose g = -4*y + 5*y - 185. Is y prime?
False
Is (2722/4)/(-5 - (-44)/8) composite?
False
Let q(v) = -v**3 - 5*v**2 - 3*v - 11. Let y be q(-5). Suppose 5*z = 4*t + 3995, -2*z - 4*t = -y*z + 1586. Is z composite?
True
Let m be -2*(-2 + 2 + -2). Suppose m*a + b + 40 = 0, 4*b = -b - 20. Is 6/a*(-573)/2 a composite n